{"batchcomplete":"","continue":{"lecontinue":"20220901190957|129","continue":"-||"},"query":{"logevents":[{"logid":139,"ns":0,"title":"Stanislav Ill\u00e9\u0161","pageid":102,"logpage":102,"params":{},"type":"create","action":"create","user":"Guardian25","timestamp":"2022-11-09T18:54:03Z","comment":"Vytvoren\u00e1 str\u00e1nka \u201eMgr. '''Stanislav Ill\u00e9\u0161''' naroden\u00fd 16. 10. 1977 v \u0160ali, poch\u00e1dza z Trnovca nad V\u00e1hom, je ma\u010farskej n\u00e1rodnosti, 15. 6. 2002 - kapl\u00e1n Senec, 1. 7. 2003 - j\u00fal 2005 - kapl\u00e1n \u0160t\u00farovo (medzit\u00fdm: 6. 5. - 15. 11. 2004 - do\u010dasn\u00fd administr\u00e1tor), 1. 7. 2005 - administr\u00e1tor Tekovsk\u00e9 Lu\u017eany, AUTOR: Form\u00e1cia k celib\u00e1tu v pr\u00edprave na k\u0148azstvo, diplomov\u00e1 pr\u00e1ca, Bratislava 2002.  [[Kateg\u00f3ria:K\u0148azi Nitrianskej diec\u00e9zy|Ill\u00e9\u0161] Kateg\u00f3ria:K\u0148azi sl\u00fa\u017e\u2026\u201c"},{"logid":138,"ns":0,"title":"R\u00f3bert Mores","pageid":101,"logpage":101,"params":{},"type":"create","action":"create","user":"Guardian25","timestamp":"2022-11-09T18:26:53Z","comment":"Vytvoren\u00e1 str\u00e1nka \u201eMgr. '''R\u00f3bert Mores''' naroden\u00fd 13. 10. 1976 v Dolnom Kub\u00edne, ordinovan\u00fd 17. 6. 2006 v Spi\u0161skej Kapitule, 18. 6. 2006 - primi\u010dn\u00e1 sv\u00e4t\u00e1 om\u0161a Ni\u017en\u00e1, 1. 7. 2006 \u2013 kapl\u00e1n Svit, 1. 7. 2007 \u2013 aj k r. 2010 - kapl\u00e1n Z\u00e1kamenn\u00e9, 1. 7. 2010 - aj k r. 2013 - kapl\u00e1n Toporec. [[Kateg\u00f3ria:K\u0148azi Spi\u0161skej kapituly|Mores]] [[Kateg\u00f3ria:K\u0148azi sl\u00fa\u017eiaci tridentsk\u00fa om\u0161u|Mores]] [[Kateg\u00f3ria:V\u00fdhonok|Mores]]\u201c"},{"logid":137,"ns":0,"title":"R\u00f3bert Benko","pageid":100,"logpage":100,"params":{},"type":"create","action":"create","user":"Guardian25","timestamp":"2022-11-09T18:16:33Z","comment":"Vytvoren\u00e1 str\u00e1nka \u201eMgr. '''R\u00f3bert Benko''' SDB, bol k\u0148azom reho\u013enej spolo\u010dnosti Salezi\u00e1ni Don Bosca vo farnosti Michalovce II. \u010clenom rehole bol do 3. decembra 2021.   \u201eR\u00f3bert Benko komunitu opustil z vlastn\u00e9ho rozhodnutia a odmietol sa vr\u00e1ti\u0165 aj napriek napomenutiam a v\u00fdzvam. T\u00e1to jeho neposlu\u0161nos\u0165 viedla k vyl\u00fa\u010deniu z rehole,\u201c uviedol pre Svet kres\u0165anstva don Peciar, ktor\u00fd poukazuje na to, \u017ee \u017eivot v komunite je z\u00e1kladnou po\u017eiadavkou reho\u013en\u00e9ho \u017eivota. [\u2026\u201c"},{"logid":136,"ns":0,"title":"\u0160tefan Mordel","pageid":99,"logpage":99,"params":{},"type":"create","action":"create","user":"Guardian25","timestamp":"2022-10-30T08:10:38Z","comment":"Vytvoren\u00e1 str\u00e1nka \u201eDoc. ThDr. ICLic. '''\u0160tefan Mordel''', PhD. je slovensk\u00fd r\u00edmskokatol\u00edcky k\u0148az a cirkevn\u00fd sudca. [[Kateg\u00f3ria:K\u0148azi sl\u00fa\u017eiaci tridentsk\u00fa om\u0161u|Mordel]] [[Kateg\u00f3ria:K\u0148azi Spi\u0161skej diec\u00e9zy|Mordel]] [[Kateg\u00f3ria:V\u00fdhonok|Mordel]]\u201c"},{"logid":135,"ns":0,"title":"Kosn\u00e1\u010d","pageid":98,"logpage":97,"params":{"target_ns":0,"target_title":"Benjam\u00edn Kosn\u00e1\u010d"},"type":"move","action":"move","user":"Nas-matko","timestamp":"2022-09-03T19:54:26Z","comment":""},{"logid":134,"ns":0,"title":"Kosn\u00e1\u010d","pageid":98,"logpage":97,"params":{},"type":"create","action":"create","user":"Nas-matko","timestamp":"2022-09-03T19:39:52Z","comment":"Vytvoren\u00e1 str\u00e1nka \u201e[[Kateg\u00f3ria:K\u0148azi sl\u00fa\u017eiaci tridentsk\u00fa om\u0161u|Kosn\u00e1\u010d]] [[Kateg\u00f3ria:K\u0148azi Bratislavskej arcidiec\u00e9zy|Kosn\u00e1\u010d]]  Benjam\u00edn Kosn\u00e1\u010d\u201c"},{"logid":133,"ns":2,"title":"U\u017e\u00edvate\u013e:Nas-matko","pageid":0,"logpage":0,"params":{"userid":4},"type":"newusers","action":"create","user":"Nas-matko","timestamp":"2022-09-03T19:31:35Z","comment":""},{"logid":132,"ns":0,"title":"Tradicionalistick\u00e9 bratstvo sv. Jozaf\u00e1ta","pageid":96,"logpage":96,"params":{},"type":"create","action":"create","user":"Guardian25","timestamp":"2022-09-01T19:21:22Z","comment":"Presmerovanie na [[K\u0148azsk\u00e9 bratstvo sv. hieromu\u010den\u00edka Jozaf\u00e1ta (SBSSJ)]]"},{"logid":131,"ns":0,"title":"Bratstvo sv. Jozaf\u00e1ta","pageid":95,"logpage":95,"params":{},"type":"create","action":"create","user":"Guardian25","timestamp":"2022-09-01T19:16:17Z","comment":"Vytvoren\u00e1 str\u00e1nka \u201e__DISAMBIG__\u201c"},{"logid":130,"ns":6,"title":"S\u00fabor:Bratstvo-sv-jozafata logo.png","pageid":94,"logpage":94,"params":{},"type":"create","action":"create","user":"Guardian25","timestamp":"2022-09-01T19:09:57Z","comment":""}]}}

Stanislav Illéš

Vytvorená stránka „Mgr. '''Stanislav Illéš''' narodený 16. 10. 1977 v Šali, pochádza z Trnovca nad Váhom, je maďarskej národnosti, 15. 6. 2002 - kaplán Senec, 1. 7. 2003 - júl 2005 - kaplán Štúrovo (medzitým: 6. 5. - 15. 11. 2004 - dočasný administrátor), 1. 7. 2005 - administrátor Tekovské Lužany, AUTOR: Formácia k celibátu v príprave na kňazstvo, diplomová práca, Bratislava 2002.  [[Kategória:Kňazi Nitrianskej diecézy|Illéš] Kategória:Kňazi slúž…“

Róbert Mores

Vytvorená stránka „Mgr. '''Róbert Mores''' narodený 13. 10. 1976 v Dolnom Kubíne, ordinovaný 17. 6. 2006 v Spišskej Kapitule, 18. 6. 2006 - primičná svätá omša Nižná, 1. 7. 2006 – kaplán Svit, 1. 7. 2007 – aj k r. 2010 - kaplán Zákamenné, 1. 7. 2010 - aj k r. 2013 - kaplán Toporec. [[Kategória:Kňazi Spišskej kapituly|Mores]] [[Kategória:Kňazi slúžiaci tridentskú omšu|Mores]] [[Kategória:Výhonok|Mores]]“

Róbert Benko

Vytvorená stránka „Mgr. '''Róbert Benko''' SDB, bol kňazom rehoľnej spoločnosti Saleziáni Don Bosca vo farnosti Michalovce II. Členom rehole bol do 3. decembra 2021.   „Róbert Benko komunitu opustil z vlastného rozhodnutia a odmietol sa vrátiť aj napriek napomenutiam a výzvam. Táto jeho neposlušnosť viedla k vylúčeniu z rehole,“ uviedol pre Svet kresťanstva don Peciar, ktorý poukazuje na to, že život v komunite je základnou požiadavkou rehoľného života. […“

Štefan Mordel

Vytvorená stránka „Doc. ThDr. ICLic. '''Štefan Mordel''', PhD. je slovenský rímskokatolícky kňaz a cirkevný sudca. [[Kategória:Kňazi slúžiaci tridentskú omšu|Mordel]] [[Kategória:Kňazi Spišskej diecézy|Mordel]] [[Kategória:Výhonok|Mordel]]“

Kosnáč

Benjamín Kosnáč

Vytvorená stránka „[[Kategória:Kňazi slúžiaci tridentskú omšu|Kosnáč]] [[Kategória:Kňazi Bratislavskej arcidiecézy|Kosnáč]]  Benjamín Kosnáč“

Užívateľ:Nas-matko

Tradicionalistické bratstvo sv. Jozafáta

Presmerovanie na [[Kňazské bratstvo sv. hieromučeníka Jozafáta (SBSSJ)]]

Bratstvo sv. Jozafáta

Vytvorená stránka „__DISAMBIG__“

Súbor:Bratstvo-sv-jozafata logo.png
